 (43 - 3))
31
11 + (-2 - (-11 - -10))
10
Calculate -20 + -15 + -13 + 20.
-28
Calculate (1 + 3 - 11) + 1 + 0.
-6
(-29 - (1 - (-8 + 16))) + 7 + 2
-13
Calculate (-9 + 2 + 2 + 4 - 10) + -9.
-20
What is the value of 11 - (10 + 19 + -10 + 2)?
-10
5 + 7 + 11 - 9 - -8
22
2 - (-1 + 0 - 0 - (85 - 73))
15
0 + -1 + -6 + (-1 - -3) + 15
10
Calculate 20 + (-10 + 28 - 10 - (18 - 5)).
15
Calculate 19 + 1 + -42 - -34.
12
Evaluate (-8 - (8 - 24)) + -9 + 12.
11
(9 + -22 - -18) + (2 - -1)
8
(17 - (-2 + 14 - (-2 - -6))) + 7
16
What is the value of 17 - (-12 - -15) - (-8 + 18)?
4
Calculate -2 + 2 + (-1 - 2) + (-8 - -13).
2
What is the value of (-46 - -59) + -28 + (1 - 2)?
-16
What is -393 + 382 + (16 - 1)?
4
10 - (22 + -5 - 6)
-1
What is -378 + 361 + 10 + 1?
-6
What is the value of 58 - 61 - (8 + (5 - 2))?
-14
Calculate 6 + (-44 - -41 - (0 + -9)) + -8.
4
What is the value of 10 + -5 + -8 + 20 + 4?
21
(-1 + -9 - (-107 + 92)) + (5 - -1)
11
Evaluate -3 + (2 + 1 + -4 + -5 - -6).
-3
Evaluate (-2 - -3) + -3 - (-13 - -8).
3
What is 12 + -2 - (23 - (23 + -5))?
5
Evaluate 2 + 5 + -1 + -6 + 4 - 8.
-4
-1 + 9 - (-12 + (0 - 10 - -16))
14
What is the value of (24 - 9 - (1 + -3)) + -28?
-11
Calculate 3 + 5 + (17 - 25) - 6.
-6
-78 + 81 + (-1 - 2) + 9 + -2
7
Evaluate -1 - (1 + 2 - (-151 + 151)).
-4
What is 16 - 34 - -29 - (19 + 2)?
-10
What is (59 - 21) + -4 - 56?
-22
19 + (2 + 25 + -23 - (1 - -6))
16
Calculate 18 - (21 - -19 - 12).
-10
Evaluate -11 + (3 - 21) - -37.
8
Calculate 6 - ((22 - (10 + -21)) + (2 - 5)).
-24
Calculate -9 - (0 + 14 + 0 + (-8 - -14)).
-29
What is -7 - (18 - (-6 - (-12 + 7)))?
-26
What is the value of (-14 - (1 + -2)) + (-9 - 0) + 8?
-14
-2 - 0 - (-5 + 1 - (6 + 1))
9
What is (16 + 2 + (-30 - -37) - 9) + -6?
10
What is the value of 9 + -18 + 2 - (-12 + 18)?
-13
What is (-1 + -7 - -4) + 13?
9
What is the value of 3 + 3 + 20 + -22?
4
10 - (1 + 43 + -6 + (-22 - -18))
-24
-1 + 31 + (81 - -26) + -105
32
61 + -64 - (7 - 2 - 0)
-8
What is the value of 7 - -1 - (-4 + (-24 - -49))?
-13
(-9 - (-13 + 17)) + 9
-4
Calculate -7 + 1 + (22 - -14).
30
Calculate -107 + 103 + 18 + -2.
12
What is -10 + 15 + -5 + (0 - 2)?
-2
What is the value of 10 + -10 + 13 + -2 + 0 + -3?
8
Evaluate -1 + -34 - (-21 + (24 - 14) - -4).
-28
What is (-15 - -10) + (-7 - -24)?
12
What is the value of -81 - -27 - (2 + (4 - 20))?
-40
What is the value of -1 + 2 - ((102 - 148) + (-4 - -26))?
25
Calculate -15 + (13 - 32 - -5) - -5.
-24
What is 16 + 2 + -21 + (1 - 0 - -5)?
3
What is -3 - ((-22 - -20) + (-2 - -2))?
-1
What is the value of 0 + -6 + 10 + 8 + -47 + 15?
-20
What is the value of 6 + (4 - -1 - (11 + 18 + -13))?
-5
Evaluate -22 - -23 - 35 - -18.
-16
What is -16 + 8 + 9 - -17?
18
What is 49 - (16 + 22) - -8?
19
What is the value of (11 + -15 + 6 + -2 - -4) + -2?
2
Calculate 11 + (-29 - -14) + (-13 - -2).
-15
Evaluate ((31 - 30) + -24 - -27) + -1 + 6.
9
What is 3 + -5 + 3 - (20 - (14 + -33))?
-38
What is 16 + -4 + -30 + -3 + 50?
29
What is 11 - (-7 - (-19 - -16))?
15
What is 0 + 0 - (-18 + -1 - (-3 + -5))?
11
Evaluate 1 + 14 - ((8 - 28) + 22).
13
What is 4 - -3 - 3 - (-8 + 6 + -5)?
11
What is (5 - -1 - (-3 - -12)) + (-3 - -9)?
3
Evaluate -7 + 23 + (12 - 21).
7
Evaluate -14 + (5 - 4 - -12).
-1
Calculate 30 + (-52 - -33) + 10.
21
Calculate 10 + (6 - (-12 - -31) - (-4 + -2)).
3
-2 + 2 + 11 + 0 + 0
11
17 - (7 + -3 + -8)
21
What is -15 - (-14 + -17 + -16 + 4)?
28
What is the value of (8 + -7 + -2 - 10) + -3?
-14
-3 + (-8 - 0 - 7 - -8) - 7
-17
Calculate 7 - ((-10 + 11 - -2) + -2 - 7).
13
What is 10 + (5 - 14) + 3 + -7?
-3
(25 - 14) + 8 - 29
-10
Evaluate (-16 - -6) + 7 - -7 - (3 + -1).
2
Calculate (-17 - -9) + (-11 + 7 - -9) + 17.
14
What is the value of -1 + -10 - (13 + -38 + 14)?
0
(6 + -29 + 14 - -12) + (0 - 18)
-15
What is (88 - 89) + (0 - -16) - (-1 + 0)?
16
Evaluate -4 + 7 - (-153 + 136).
20
-6 + (1 - 2 - -8) + -3
-2
What is 1 + -1 + 6 + -2 + (-13 - -17)?
8
Calculate 1 + 2 - (1 - (6 - (-8 + 6))).
10
Calculate -11 + (5 - (19 - 5)) + 7 + 7.
-6
Calculate (1 - 7) + (8 + 1 - (-14 + 5)).
12
Evaluate (-3 - (3 - 14)) + 6 + -6 + -3.
5
Calculate 0 + (-3 - -2) + (2 - (3 - -1)).
-3
What is the value of (0 + 2 - 4 - 5) + -2315 + 2304?
-18
Calculate 0 - (-8 - -26) - -2.
-16
Calculate 14 + 1 + -9 + 8 + (7 - 5).
16
Calculate -1 - -4 - (151 - 126).
-22
What is (30 - (1 + 0)) + (-368 - -359)?
20
What is the value of -22 - (3 - 16) - (-8 - 1) - -22?
22
What is -11 - (-16 - (-5 + -12)) - -9?
-3
What is -8 - (2 + 5 + (-2 - 15))?
2
-2 + 3 + -8 + (7 + 0 - 7)
-7
What is 3 + 3 - (2 + 6)?
-2
Evaluate 38 - (-33 - -52 - -29).
-10
Evaluate -8 - (-20 - (-26 + 15 - -12)).
13
Evaluate -4 - -2 - 2 - (4 + -3) - -8.
3
What is the value of (-14 - -9) + 0 + 0 + -15 + 10?
-10
(0 - -10) + -10 - -5
5
What is the value of -4 - (-1 + 0) - (11 + 19 + -27)?
-6
(-4 - (4 - 3)) + 4 - (-46 - -49)
-4
Calculate (444 - 472) + (61 - 1).
32
Calculate -24 - (17 + -22 - 0).
-19
Evaluate -514 - -494 - (8 + -1).
-27
Calculate -1 + 10 + -7 - (-1 - -6).
-3
Calculate -13 - ((-2 - 1) + -3 + -8 + 15).
-14
Evaluate (6 - 5) + -1 + 1 + -4.
-3
What is -4 + (2 - 1) - (5 + -2)?
-6
Evaluate 28 + (11 - 1) - 69.
-31
Evaluate -2 - ((10 - 6 - 8) + 0).
2
Evaluate (-4 + -19 - (-22 + 12)) + 8.
-5
-32 - (16 - 2 - ((-1 - 5) + 18))
-34
What is the value of 922 + -936 - (1 + 7 - 1)?
-21
Evaluate 37 - (-18 + (-27 - -64)).
18
What is the value of (16 - 6 - 10) + 11?
11
Evaluate 0 + (1 - (-13 + 1 + 1 - -2)).
10
What is 20 + -13 - (5 + -10)?
12
Evaluate 12 + (-3 - (5 + -4) - (4 - 1)).
5
What is the value of 1 + 0 - (24 + -9 - (0 - -3))?
-11
What is the value of -32 - (6 - 7 - 12)?
-19
Evaluate -20 + -5 + (-41 - -53).
-13
What is the value of 11 + 6 + -35 - -10?
-8
-6 + ((-1 - 5 - 7) + 6 - 8)
-21
Calculate -44 + 36 - (-1 + 3 + 0).
-10
What is the value of (34 - (-33 - -67)) + -10 + -1?
-11
What is the value of (0 - -2) + -7 + 14 + -2 - 1?
6
What is the value of -20 + 31 + -44 + 15?
-18
Evaluate 1 - (-7 - 4) - 21.
-9
What is 0 + -20 + 12 - (5 + 7)?
-20
Calculate (-1 - (1 - -2) - -3) + -1 - -14.
12
Evaluate 0 + 13 + -21 + 14.
6
Evaluate 9 - ((7 - 11) + 16 - -17).
-20
What is (5 + -10 - 7) + -27 + 35?
-4
What is -1 - 0 - (7 + (3 - 13 - 1))?
3
Calculate -30 + (26 - -4 - 9).
-9
What is the value of (-912 - -915) + (-1 - 26)?
-24
Evaluate 2 - -8 - (22 - (4 + -14)).
-22
What is the value of (-4 - -5) + 24 + 3 + -28?
0
(24 - (-28 + 42)) + (-33 - -2) + 8
-13
Evaluate 9 + -17 - (9 - 4).
-13
What is -6 + (19 - (2 - 2))?
13
(-14 - 2 - (2 - 6)) + -5 + 9
-8
-40 + 24 - (-1 + 3 + -5) - -6
-7
Evaluate -3 + 35 + (10 - 6) - 12.
24
-31 - -19 - (3 - 15 - -1)
-1
Evaluate (-22 - -47) + (-6 - 23).
-4
Evaluate (36 - -3) + (-228 - -208).
19
What is the value of 30 - (67 - -19 - 31)?
-25
What is 5 - (10 + -3) - -13?
11
What is 8 + (0 - (5 + 7 + -3))?
-1
6 - (5 + 5 + 9)
-13
Calculate (-9 - (9 + -37)) + (14 - 16).
17
(-23 - -3 - -12) + -1 + 17
8
Evaluate 46 + -29 + -15 + (-2 - (1 - 24)).
23
-11 + 10 + 15 + -14
0
Evaluate (4 - -12) + -8 + 23 + -16.
15
-29 + 5 + 7 + 6 - (4 + 0)
-15
What is -14 - (17 + -30 + -12)?
11
Calculate (3 - (3 - (5 + (-12 - 4)))) + 4.
-7
Calculate -12 + 5 - -14 - (6 - 2).
3
Evaluate -6 - (5 + (-4 - -2)).
-9
What is -7 + (-8 - (-4 - 7)) - -10?
6
Evaluate 10 + -14 - (-13 - -6 - 1).
4
Calculate -6 + (-13 - (-46 + -8)).
35
What is the value of 9 + -20 - (-10 - (3 - 5)) - 8?
-11
What is -1 + -6 + -10 + -9 + 7?
-19
What is the value of 0 + 0 + (19 - (13 + (9 - 31)))?
28
Evaluate 2 + -6 - (126 - 115).
-15
Evaluate (-5 - 9 - (3 - 28)) + (0 - 19).
-8
(18 + 12 - 66) + 17
-19
What is -10 - (-11 + (-10 - -20))?
-9
Calculate (-4 - (-6 - 2)) + -27.
-23
What is 39 + -198 + 183 + (1 - 0)?
25
Calculate 30 + -52 + (-7 - 2 - -16).
-15
What is the value of (4 - -14) + 5 + -18?
5
What is the value of -7 + (-14 - (-26 - -10))?
-5
21 - (-18 - -47 - 16)
8
-19 + (-246 - -251) + 3 + (0 - 0)
-11
What is the value of 13 + 0 - ((30 - -1) + -24)?
6
Evaluate 2 + (11 - -2) + (7 - 24).
-2
What is the value of (456 - 461) + (3 - (2 - 1))?
-3
What is the value of (-6 + 6 + 6 - 5) + 9?
10
-3 - ((-3 - 9) + (-5 - -26))
-12
Calculate -9 - (-10 - (13 + -8 + -20)).
-14
7 + -12 + -5 + 10
0
What is 6 + (-17 - (7 + -9))?
-9
(3 - (-2 + 10 + -8)) + -3 + 10
10
8 + (-5 - (12 + -14)) + -30
-25
Evaluate (3 - (3 + -1)) + 3 + -750 + 760.